. Let o(b) = 4*b**2 + 8*b - 1. Let l(t) = 9*o(t) - 2*r(t). Let c(w) = w**2 + w - 1. Let f(p) = 3*c(p) - l(p). Determine f(-5).
-4
Let s(p) be the first derivative of 5*p**3/3 + 2. Suppose 4*c = 2*m - 18, 0 = 3*m - 3*c - c - 23. Suppose 4*t = m*u - 0*t + 5, 3*t - 2 = 2*u. What is s(u)?
5
Let c(l) = -l**3 - 8*l**2 - 2*l + 4. Suppose 7*q = -87 + 185. Suppose -k - q = -6. Determine c(k).
20
Let q(i) = -i**3 + 8*i**2 + 6*i - 91. Let a = 181 - 174. Calculate q(a).
0
Let x(f) = -6*f - 5. Let j(z) be the third derivative of z**4/24 + z**3/6 - 2*z**2 + z. Let l(u) = 15*j(u) + 3*x(u). Determine l(-7).
21
Let f(h) = h + 2. Let k(d) = -2*d - 7. Suppose -z + 3*z = -3*v + 55, -45 = -2*z - 5*v. Let x = z + -41. Let p be k(x). What is f(p)?
7
Let y(f) = 6*f**2 + 4*f + 2. Let l be 1/(1 + 15/(-10) - -1). Let n(d) = d**3 - 13*d**2 - 9*d - 5. Let h(s) = l*n(s) + 5*y(s). Give h(-2).
-4
Let z be 5 - 332/(-581)*(-7)/(-1). Let n(t) = t**3 - 11*t**2 + 15*t + 24. Calculate n(z).
-3
Let a be (2 + 1)*(2 - 1). Let b(p) = 2*p**2 - 55*p - 292. Let t be b(41). Let n(d) = -2*d + 800 - 3*d - t + a*d. What is n(-11)?
7
Let v(h) = -12*h + 92. Let j be 6 + 1 + 0*(-8)/24. Let n be v(j). Let l(q) = q**3 - 7*q**2 - 9*q - 2. Give l(n).
-10
Let c(v) = 5*v - 30. Let z be c(7). Let n be (-2 + z)/(42/(-4))*-21. Let b(r) = -7*r**2 - n*r**2 + 21*r**2 - 2*r**2 + r - r**3 + 3. Give b(6).
9
Let d(q) = -9 + 4*q - 5*q**3 + q**2 - 9 + q + 19 - 3*q. Let u(z) = 2*z + 3. Let f be u(-2). What is d(f)?
5
Let x = -170 + 175. Let z(y) = -x + 5*y + 0 + 7 - 2 - 7 + 6*y**2 + y**3. Determine z(-5).
-7
Let x(g) be the first derivative of 145 + 1/3*g**3 + g**2 + 4*g. Calculate x(-5).
19
Let r(p) = -6*p - 277. Let t(i) = 3*i + 10. Let q(m) = -r(m) - 6*t(m). Determine q(18).
1
Let x(d) = d + 1. Suppose -3*z - 87 = -b - 2*b, 0 = -z. Suppose 4*r - 4*u = -16, 0 = -4*r - 8*u + 3*u + b. Determine x(r).
2
Let t be 6*((-1)/(-2))/(56/(-280)). Let z(k) = 3*k + 50. Determine z(t).
5
Let f = -7470 + 7479. Let t(i) = i**3 - 7*i**2 - 10*i + 16. Determine t(f).
88
Let w(f) = f**2 - 9*f - 9. Let d(s) = -28*s + 203. Let o(j) = -j**3 + 7*j**2 - 12*j + 17. Let k be o(5). Let x be d(k). Calculate w(x).
-23
Let j(u) = -241*u**2 - 17*u + 26. Let x(q) = 28*q**2 + 2*q - 3. Let k(n) = 6*j(n) + 51*x(n). What is k(-2)?
-69
Let t(g) be the second derivative of g**5/20 + 2*g**4/3 - 7*g**3/2 + 3*g**2/2 - 1966*g - 2. Determine t(-10).
13
Let g = 393 - 390. Let z(k) = 7*k**g - k**2 + 34041 + k - 34041. Give z(1).
7
Let t(f) be the first derivative of f**4/4 - 16*f**3/3 + 31*f**2/2 - 35*f + 1825. What is t(14)?
7
Let b = 6 + -3. Let i be b*(2 + (-10)/3). Let z(k) = -22*k - 1 + 26*k - 5*k. Determine z(i).
3
Let q(i) = 9*i + 63. Let h(r) = r**3 - 19*r**2 - 67*r + 14. Let z be h(22). Give q(z).
-9
Let p = -79 - -98. Let y(t) = -17*t**2 - t**3 + 5*t**2 - 4*t + p + 18*t - 7. What is y(-13)?
-1
Let k(u) = -u**3 - 37*u**2 + 85*u + 15. Let t(l) = -3*l**2 + 3*l - 1. Let o(p) = k(p) - 6*t(p). Determine o(-22).
-1
Let c(o) = 3*o - 9. Suppose 303*d + 7059 = 846*d. Suppose -a = -m + 60, -3*a - 141 = -2*m - 8*a. Let i be m/d - ((-16)/104)/1. Give c(i).
6
Let h = 34 - 106. Let b be h/(-90) + 52/10. Let o(i) = 4*i**3 - 9*i**2 + i + 3. Let y(a) = -3*a**3 + 8*a**2 - 4. Let q(z) = 2*o(z) + 3*y(z). Calculate q(b).
6
Let y(c) = -2877*c**2 + 5 - 2762*c**2 - 2*c + 5640*c**2 - 3*c. Let i = 0 - -5. Give y(i).
5
Let t(j) = 94*j + 59. Let v(n) = 9*n + 6. Let z(p) = 2*t(p) - 21*v(p). Determine z(8).
-16
Suppose -17*o = -12*o + 15, o = l - 16. Suppose l*d + 59 = -58. Let i(t) = t - 11. What is i(d)?
-20
Let b(n) = n**2 + 5*n - 16. Let l be (34/6 - (-164 - -173))*6/4. What is b(l)?
-16
Let t(o) = o**2 + o + 4. Suppose -2 = -7*s + 152. Let g(y) be the first derivative of -y**4/4 + 23*y**3/3 - 23*y**2/2 + 22*y + 3. Let c be g(s). Calculate t(c).
4
Let v be 4 - (2 + -2 + 2). Let o(y) = -183*y**3 + y**2 - 8*y - 9. Let i be o(-1). Let t(h) = -h**3 + v*h**3 + 185 - i - 3*h. Give t(2).
4
Let q(s) = 4*s**2 - 183*s - 36. Let z(c) = 7*c**2 - 466*c - 70. Let u(t) = 5*q(t) - 2*z(t). Calculate u(2).
18
Suppose 4*o = 7*o - o. Let p(b) = o*b**2 - 6*b + 9*b**2 - 7 + b**3 - 5*b. Give p(-10).
3
Let g(q) = -1191*q - 21. Let z(t) = -248*t - 4. Let a(i) = -5*g(i) + 24*z(i). Calculate a(-5).
-6
Let k(d) be the first derivative of -2*d**3/3 - 65*d**2/2 - 41*d + 42. Let i be k(-32). Let m(f) = f**3 + 7*f**2 - 13*f. What is m(i)?
-45
Let k(f) = -9*f**2 - 3*f - 3. Let u(s) = -1902*s + 15219. Let m be u(8). Calculate k(m).
-93
Let x(o) = -o**3 + 10*o**2 - 8*o + 3. Let t(f) = 121*f - 19. Let a be t(4). Suppose 447 = -2*k + a. Determine x(k).
12
Let d(t) = -2*t**2 - t + 3. Let r be d(-3). Let l(v) = -v**3 + 0*v**3 - 11*v**2 + 13 - 4213153*v + 4213166*v. Give l(r).
1
Suppose v = 43*v + 210. Let f(o) = -34*o - 169. Give f(v).
1
Let y be 4 - (-3 - (-60)/(3 + 3)). Let z be (15/(-120))/(y/24). Let t(k) = -9*k**3 + 2*k**2 - 2*k + 1. Determine t(z).
-8
Let c(g) = -g**2 + 14*g - 19. Let r(l) be the second derivative of 47*l**3/6 + 148*l**2 + 197*l. Let w be r(-6). Determine c(w).
-19
Let p(q) = q**3 - 2*q**2 + q + 7. Suppose 174*x - 177*x = 5*z - 16, -5*z - 5*x + 10 = 0. Determine p(z).
87
Let b(n) = n - 1. Let y(v) = -5*v + 2. Let l(r) = -9*b(r) - 2*y(r). Suppose 16*x - 9 = 19*x. Determine l(x).
2
Let c = 5006 + -5010. Let p(o) = 12 + 4*o**2 - 2 - 3*o + 2*o**3 - 6. Determine p(c).
-48
Let y(s) = -5*s - 1. Suppose -7*o = -3*o - 4. Let n be y(o). Let b(x) = 6 + 8*x - 1 + 1440250*x**2 - x**3 - 1440255*x**2. What is b(n)?
-7
Suppose -2147*z - 150 = -2117*z. Let w(j) = j**2 + 11. Determine w(z).
36
Let x(w) be the third derivative of 1/60*w**5 + 25*w**2 - 1/8*w**4 + 0*w + 1 + 1/3*w**3. Let z be (-8)/3 - (-6)/(-18). Determine x(z).
20
Suppose -3*i - 4*x + 19 = -9*x, -4*i + 2*x = -44. Let c(u) be the second derivative of -u**5/20 + u**4 + 13*u**3/6 + 5*u**2 - 13*u. What is c(i)?
10
Let x(z) = z + 1. Let m = -1 - 1. Let f(o) = -o**3 - 2*o**2. Let s be f(m). Suppose 7 = -s*w + 7*w. Calculate x(w).
2
Let a(y) = y**2 - 5*y + 5. Let l(v) = -v**3 - v - 1. Let p be 3 - -9*2/(-6). Let j be l(p). Let z be (j - (-4)/(-4))/((-2)/5). What is a(z)?
5
Let z be (-14)/((-6 + 1)/10). Let v = z - 27. Let w(p) = -7 + 2*p - 3*p + v. What is w(-8)?
2
Suppose -7*p = -30*p + 2024. Let h(v) = -v**2 + 2*v - 11*v + p - 92. Determine h(-8).
4
Let h(g) be the first derivative of g**5/20 - 7*g**4/12 - g**3/6 + 3*g**2/2 - 51*g + 59. Let m(z) be the first derivative of h(z). Give m(7).
-4
Let v(g) = 3*g + 1. Suppose -4*x + 33 = -7*x. Let d be ((-81)/9)/27 + x/3. What is v(d)?
-11
Let u(t) be the second derivative of t**4/12 - 5*t**3/3 + 5*t**2/2 - 25*t. Suppose 2*a - 108 + 90 = 0. Give u(a).
-4
Let j be (-1)/(-5) + 2*7/(-70). Suppose -f - 3 = 5*w, -4*f + w + j*w = 12. Let u(h) = -3*h + 2. Give u(f).
11
Suppose 98 = -24*b - 25*b. Let p(k) = -k**3 - 2*k**2 + 4*k - 1. Determine p(b).
-9
Let v = 3910 - 3912. Let g(r) = -5*r - 2. Give g(v).
8
Let m(x) = -5195 + 5196 + 6*x + 0*x. Let f = 125 + -124. Determine m(f).
7
Suppose 157*o = 63*o - 170*o - 1056. Let q(z) = 10*z + 2 - 4*z - 1. Determine q(o).
-23
Let p(c) = -9*c**3 + 9*c**2 + 11*c - 3. Let m(b) = 20*b**3 - 20*b**2 - 24*b + 7. Let o(u) = -4*m(u) - 9*p(u). Let l be 3/(2/1 + -1). What is o(l)?
8
Let y(c) = c**2 - 5*c - 80. Let s be y(10). Let t be s/(6 + -11)*1. Let q(o) = 2*o**2 - 9*o + 1. Give q(t).
19
Suppose -5*c = -2*a - 111, -22*c - 4*a - 89 = -25*c. Let x(p) = p - 21. Calculate x(c).
-2
Let j(d) = -d + 10. Let k(t) = -60*t + 2030. Let p(u) = -5*u + 169. Let b(w) = -2*k(w) + 25*p(w). Let l be b(33). Calculate j(l).
10
Let h = -38 + 14. Let c be 238/4 - 36/h. Suppose -c*p + 62*p - 9 = 0. Let z(w) = w**3 - 9*w**2 - w + 11. Determine z(p).
2
Let z(d) = 9*d**2 - 25*d - 1. Let n(y) = y**2 - 2*y. Let r(x) = -8*n(x) + z(x). Give r(9).
-1
Let z(h) = h + 11. Let j(v) = v + 1. Let m(f) = 5. Let t(u) = -j(u) - m(u). Let y(n) = 5*t(n) + 3*z(n). Suppose -27 = -8*b + 13. Give y(b).
-7
Let x(z) = z - 2. Suppose -5 + 80 = -5*w. Let l = w - -17. Suppose -b - 1 - l = 5*u, 4 = -2*u. Determine x(b).
5
Let d(g) = 234 - 2*g**3 + 194 + 18*g - 39*g**2 - 416. What is d(-20)?
52
Suppose 5*s + 2*n + 0*n = 1, 4*n = -8. Let o(r) be the second derivative of -10*r**3/3 - r**2/2 + 26193*r. Give o(s).
-21
Let s(q) = 